or of j and 1169?
7
Let c(p) = -p**3 - 9*p**2 + 27*p + 9. Let x be c(-6). Let s = x + 436. Calculate the greatest common factor of s and 35.
35
Let x = -16 - -19. Suppose x*b = 2*y + 170, 15 = -2*y + 5*y. Suppose f = 13 + 7. What is the greatest common factor of f and b?
20
Suppose -5 = 5*y, -2*g - g + 93 = 3*y. Suppose 5*t + 20*m - 19 = 19*m, -7*t - 2*m + 26 = 0. What is the highest common divisor of g and t?
4
Let u be (20/(-15))/1*(-18)/4. Suppose 61 = 4*k + f, -10*f + 62 = 3*k - u*f. What is the highest common factor of 35 and k?
7
Suppose 2*y + 4*n = 7*y - 714, 286 = 2*y - 2*n. Let m = -8 - -10. What is the greatest common factor of y and m?
2
Let d be ((-3)/(-4))/((-35)/(-9660)). Let a be (13/((-234)/d))/((-2)/4). What is the greatest common factor of a and 3?
1
Let i be -2 + 5 - (0/1 + -2). Let a(q) = 18*q - 30. Let v be a(i). Calculate the highest common divisor of 12 and v.
12
Suppose -4*l = 4*b - 8, 2*b - b - 3*l = 10. Suppose 0 = -3*z - 19 - 968. Let v = z + 349. What is the highest common divisor of b and v?
4
Let o = 1508 - 1450. Calculate the highest common divisor of o and 2117.
29
Let s = 43 - 31. Let z be (30/s)/((-4)/(-24)). Calculate the highest common divisor of z and 30.
15
Let u be 2/((-7)/((-3668)/(-8)) - 0). Let x be 3/(-21) - 0 - (-2076)/(-21). Let l = x - u. What is the highest common divisor of 64 and l?
32
Let z = -10434 + 10674. What is the greatest common divisor of 45 and z?
15
Suppose 0 = -5*f + 111 - 16. Suppose -17*q - 71 = -16*q. Let i = q - -128. What is the highest common divisor of i and f?
19
Suppose -3*d + 136 = -38. Suppose -7*i + d + 40 = 0. Let r be 190/57*(-84)/(-5). What is the greatest common factor of i and r?
14
Suppose 25*h - 94 = 306. Let g be 18/h + -1 + 3800/320. Calculate the highest common divisor of g and 20.
4
Let s be ((-5200)/4420)/((-20)/2856). Let w be (1/(-2))/((-1)/252). What is the greatest common divisor of s and w?
42
Let v = -19 - -42. Suppose 7*l + 198 = 18*l. Let j = v - l. What is the highest common divisor of j and 55?
5
Suppose 54*g = 59881 - 57775. Let b(k) = 302*k**2 - k - 1. Let t be b(-2). What is the highest common divisor of g and t?
39
Let y = -4141 + 5373. Calculate the highest common factor of y and 40.
8
Suppose -3*w = 0, 0*x - 3*x - 78 = -2*w. Let n(k) = -2*k**2 - 50*k + 29. Let c be n(x). Let o be -4*3/42 + c/(-7). What is the highest common factor of o and 9?
3
Suppose -20*l - 4*r + 156 = -18*l, -5*l + 3*r + 494 = 0. What is the greatest common factor of l and 2538?
94
Suppose 0 = -118*b + 38131 + 83645. Calculate the highest common factor of b and 168.
24
Let w be 254 + (-7 - -84)/(-7). What is the highest common divisor of w and 9?
9
Let h = 5733 + -3301. Calculate the greatest common factor of h and 384.
128
Let z(w) = 248*w**3 - 2. Let i be z(-1). Let v = 442 + i. Calculate the highest common divisor of 24 and v.
24
Suppose 193*h - 191*h - 2194016 = -504*h. What is the highest common divisor of h and 64?
16
Let w = -141 - -146. Suppose w*c = -5*q + 20, 5*c = 3*q + c - 40. What is the greatest common divisor of 40 and q?
8
Let h = 3467 + -3443. Let v be 3 - 7 - (-110 + -2). What is the greatest common divisor of h and v?
12
Suppose 0 = -72*n - 77*n - 1610808 + 6172890. Calculate the greatest common factor of 126 and n.
126
Let p(k) = -k**2 - 37*k + 145. Let q be p(-34). What is the highest common factor of q and 117?
13
Let n(f) = f**2 - 1140*f + 96. Let m be n(0). Calculate the highest common divisor of m and 1600.
32
Let i(u) = 122*u**2 - 569*u + 10. Let p be i(13). Calculate the greatest common factor of p and 303.
101
Let j be (-3 - 125)*10/(-8). Suppose -5 = 32*q - 27*q, -g - 4*q = -36. What is the greatest common factor of g and j?
40
Suppose -2*q + 52 = 8. Let o = 897 - 1986. Let d be (2/(-3))/(22/o). What is the highest common divisor of q and d?
11
Let n = -23285 + 23372. Calculate the highest common factor of n and 15.
3
Suppose -19*x + 2*x = -105670 - 32200. What is the highest common factor of 10 and x?
10
Let n = -28 - -47. Let f = -10 + n. Let o(c) = c**3 - 13*c**2 + 80*c - 351. Let k be o(9). Calculate the highest common divisor of k and f.
9
Let a(d) = 34*d - 266. Let p(c) = -68*c + 532. Let q(x) = 13*a(x) + 6*p(x). Let k be q(9). Calculate the greatest common factor of 520 and k.
40
Suppose 45*d + 5*k = 40*d + 2220, -d + 3*k + 444 = 0. Calculate the greatest common factor of 36 and d.
12
Suppose -9*s - 6*s = -15. Let i be (s/32*88)/(1/40). Calculate the greatest common factor of i and 198.
22
Let q = 24705 + -24600. Calculate the highest common divisor of 64785 and q.
105
Let n(w) = -302*w + 414. Let h(i) = -150*i + 207. Let s(f) = -13*h(f) + 6*n(f). Let r be s(6). Calculate the highest common factor of 27 and r.
27
Let k be (-1146015)/(-80) + (-21)/112. What is the highest common factor of k and 75?
75
Let w = -13082 + 13121. Let j(a) = a**2 + 1. Let v be 2/((6/(-5))/3). Let y be j(v). What is the greatest common factor of w and y?
13
Suppose 2*q + 4*y + 9 = 3, 5*y = 3*q + 42. Let o = q - -15. Let d be 720/96*(-8)/(-10). What is the highest common divisor of d and o?
6
Suppose -602*m + 4088 = -456*m. Let f(j) = 12*j - 6. Let n be f(4). What is the highest common divisor of n and m?
14
Let h be 10 - (-3 + 0)*(18 - 19). Let p be (-302)/(-14) + 3/h. Calculate the highest common factor of 242 and p.
22
Let n(r) = 15*r - 103. Let p be n(7). Let c be -4 + (12/3 - -2). Let k be 2 - (c + -2*3). Calculate the highest common factor of k and p.
2
Suppose 5*k - 141 = -2*u, 7*u - 27 = -k + 6*u. Suppose 4*a = 8, -33*t + k*t + 3*a = -190. What is the highest common divisor of t and 63?
7
Suppose -13*z + 343165 = 203976 - 619088. What is the highest common factor of 9 and z?
9
Let t(s) = -52*s - 26. Suppose 12*i + 104 = 8. Let g be 2*-1 + 2 + i/2. Let u be t(g). Calculate the highest common divisor of u and 26.
26
Let n = 9419 + -9357. Let r(b) = 0*b - 4*b + 1 + 6*b + 32*b**2. Let w be r(-1). What is the greatest common divisor of n and w?
31
Suppose 5*p - 3*c = 9 - 4, -4*p + 41 = 5*c. Suppose -6 = -2*u, -p*k + 3*u = -2*k - 17. Calculate the highest common divisor of 117 and k.
13
Let p be -97*(2 - 3) + 4*4/(-4). Calculate the highest common divisor of p and 7161.
93
Let j be -46*19/(-6)*-3. Let x = j + 483. Suppose 3*w + 2*s - 132 = 0, w - 5*s = 2*w - 31. What is the highest common divisor of w and x?
46
Let q(l) = -l**2 - 3*l + 350. Let x be q(0). Let c = -310 + x. Calculate the highest common factor of c and 152.
8
Let o = -3408 - -4588. What is the highest common factor of 60 and o?
20
Suppose 0*p - 25 = -p. Suppose -14*w = -437906 + 437626. What is the greatest common factor of w and p?
5
Let l be -4 - (-36 - -10 - 8/(-2)). Let m be ((80/(-1))/(-2))/(l/9). Suppose b + 0 = -d + 1, d - 2*b = 13. Calculate the greatest common divisor of m and d.
5
Suppose -1619 + 2042 = 15*b - 2217. What is the highest common divisor of b and 396?
44
Suppose -23*m + 6895 = -12057. Calculate the highest common divisor of 32 and m.
8
Let k(l) = 142*l - 3258. Let m be k(23). What is the greatest common factor of 6728 and m?
8
Let m be (-244)/(-10) - (-6)/(-15). Suppose 2*h = 5*r + 1192, 2*r - 136 = -4*h - 632. Let d = 408 + r. What is the highest common factor of d and m?
24
Let s(f) = 38*f + 264. Let r be s(-4). What is the highest common divisor of 1624 and r?
56
Let x = 8 - 5. Let o(m) = 2*m**2 + 15*m + 4. Let r be o(-10). Suppose x*g + 6 = 0, -175 - r = -3*w - g. What is the highest common divisor of 11 and w?
11
Let r be (-1673)/(-6) - ((-847)/66)/11. What is the highest common divisor of 2170 and r?
70
Suppose 53 = 4*f - 31. Suppose -5*o - 150 = 5*b, -3*b = o + 75 + f. Let n = b + 55. What is the highest common factor of 154 and n?
22
Suppose 1024 = 40*r + 77 + 27. Let h = -1089 - -1940. Calculate the highest common divisor of h and r.
23
Let d = -120 - -132. Let q = 96 - d. Calculate the highest common divisor of 12 and q.
12
Let o = 514 - 769. Let h be 2/17 - 225/o. Calculate the highest common divisor of h and 7.
1
Let t(y) be the second derivative of 15*y - 19/6*y**3 + 0 - 5/2*y**2. Let m be t(-14). What is the greatest common divisor of m and 29?
29
Let c(n) = -118*n + 357. Let y be c(3). What is the highest common factor of y and 3?
3
Let q be (2340/(-5))/1